-5*h + 3*r + 195 = -2*r. What is the greatest common factor of h and 10?
10
Let u = 66 - 64. What is the highest common divisor of u and 1?
1
Suppose 5*j - 1 + 6 = 0. Let i be ((-4)/(-6))/(j/(-6)). Suppose -i*f - 12 = x, -2 = 4*x + f - 29. Calculate the greatest common factor of x and 40.
8
Let f be (54/8)/(15/120). Let t = 3 + 3. What is the greatest common factor of t and f?
6
Let j(r) = -25*r - 103. Let x be j(-7). Let o be 9*(0 + (0 - -1)). What is the greatest common divisor of o and x?
9
Suppose 12 = 3*z - 0*z. Suppose 0*k = z*k - 4*v + 8, -14 = k - 4*v. What is the highest common factor of k and 2?
2
Suppose 2*s - 22 = 34. Calculate the greatest common factor of s and 70.
14
Suppose 2*d = -8*d + 1000. Calculate the greatest common divisor of d and 10.
10
Let t be 4*(12 + (0 - -4)). What is the highest common factor of 8 and t?
8
Let c be 2 + -4 - (-54)/(-1). Let l = c - -83. Calculate the greatest common factor of 9 and l.
9
Let t = -17 - -21. Let c(r) = r**2 + 5*r + 5. Let l be c(-4). What is the greatest common divisor of t and l?
1
Let g(y) = 25*y - 5. Let i(p) = 5*p - 1. Let f(n) = -4*g(n) + 22*i(n). Let m be f(5). What is the highest common divisor of m and 32?
16
Let m be 1 - 2 - (-37 - 0). What is the greatest common divisor of 24 and m?
12
Let k be 10/4 + 2/(-4). Suppose -2*u + 3*f = -6*u + 27, 9 = -3*f. Let t be 159/u - 4/(-12). Calculate the highest common divisor of k and t.
2
Let h be -54*(4 - 39/9). What is the greatest common divisor of 45 and h?
9
Suppose 5*o = -3*m - 0 + 150, -4*o = -4*m - 88. Calculate the highest common factor of o and 27.
27
Suppose 3*x + 37 + 80 = 5*k, 75 = 3*k + 3*x. Calculate the greatest common divisor of 8 and k.
8
Suppose 0*p = p + 3*o - 47, -p - 4*o = -52. What is the greatest common divisor of p and 8?
8
Let d(q) = 2*q - 4 + 4. Let m be d(2). Suppose -f - 2*f = -5*l - 38, -74 = -m*f - 5*l. What is the greatest common divisor of 2 and f?
2
Let g be (-4)/4*(-3)/(-3). Let b be g*9/12*-4. Calculate the highest common factor of b and 33.
3
Suppose -4*w - 237 = -5*v, 3*v - 119 = 3*w + 22. Suppose 4*n - 4*p - 24 = 0, 0*n + 2*n + p - 15 = 0. Calculate the greatest common factor of v and n.
7
Suppose -183 + 35 = 4*i. Let l = i - -67. What is the greatest common factor of 75 and l?
15
Suppose -8*r + 142 = -18. Calculate the highest common divisor of r and 8.
4
Let z(p) = -p**3 + 13*p**2 - 9*p + 4. Let u be z(6). Suppose -2*g + 8 + u = 0. What is the greatest common divisor of 42 and g?
21
Let p be (10 + 0)*(2 - 1/(-1)). Calculate the highest common factor of 20 and p.
10
Let s(c) = c**2 - 14*c + 2. Let m be s(14). Calculate the highest common factor of 2 and m.
2
Let y(t) = t**3 + 4*t**2 + 2*t + 1. Let z be y(-3). Let k = -344 + 360. Calculate the greatest common factor of z and k.
4
Let d = 6 - -4. Suppose 0 = h - 92 + d. Let m = 118 - h. What is the greatest common divisor of 4 and m?
4
Suppose -8*c = 3*c - 22. Calculate the highest common factor of c and 16.
2
Let g(x) = -x**3 + 8*x**2 - 3*x - 11. Let r be g(7). Let k be (-2)/(-7) - (-948)/14. What is the highest common factor of r and k?
17
Let f be 5 + (-6 - -3)/1. Let a be 6*(f + 10/3). What is the greatest common factor of 48 and a?
16
Let s be 33*((-4)/(-3))/4. Suppose 4*u + 12 = 4*z, 10 - 1 = 2*u + z. Let b be (u*-6)/((-33)/242). What is the greatest common divisor of s and b?
11
Let v be (27/6 + -4)*204. Let d be (2 + (-6)/4)*v. What is the greatest common divisor of d and 34?
17
Let d be (-124)/(-6) - (-2)/(-3). Let i(u) = -3*u**3 - 3*u**2 - 4. Let k = -39 + 35. Let z be i(k). What is the greatest common factor of d and z?
20
Let s = -1 - 2. Let p be (46/(-6)*s)/(-1). Let g = p - -41. What is the greatest common divisor of 126 and g?
18
Suppose 2*v = 4*v - 54. Let c = v - 12. What is the highest common factor of c and 75?
15
Let z(c) = -2*c. Let b be z(-3). Let y(i) = i - 3. Let t be y(b). Suppose -6*s + 60 = -s - 2*a, 5*s = t*a + 55. What is the greatest common factor of 28 and s?
14
Suppose 81 - 11 = 5*p. Let c be (-218)/(-4) + (-30)/(-20). Calculate the highest common factor of p and c.
14
Suppose -9*d + 104 + 40 = 0. Calculate the greatest common factor of d and 8.
8
Let f(w) = -w**3 + w**2 - w - 2. Let p be f(-2). Let m be (5 - (-4 - -8))*37 - 1. Calculate the greatest common divisor of m and p.
12
Let n be (-2)/((3/5)/(-3)). Let m = 507 - 497. What is the greatest common factor of n and m?
10
Suppose -4*w - 2*y = -276, 4*w = -0*w - 5*y + 270. Calculate the greatest common factor of w and 175.
35
Suppose 5*s + 2 = 7*s. Calculate the greatest common factor of s and 3.
1
Let y be (11/22 + (-1)/6)*12. Calculate the greatest common divisor of 32 and y.
4
Suppose q = 2*r - 2*q - 540, 0 = 4*r - 2*q - 1080. Suppose -4*j + j + r = 0. Calculate the greatest common factor of j and 18.
18
Let a(g) = 12*g - 4. Suppose -3*k + 11 = 5. Suppose -2 = k*b - 12. Let p be a(b). Calculate the greatest common factor of p and 8.
8
Let w(t) = -3*t**3 - 4*t**2 - 4*t - 3. Let o be w(-4). Suppose 0 = 3*h - o - 345. What is the highest common factor of 18 and h?
18
Suppose 0 = c - 8 + 7. What is the highest common factor of 1 and c?
1
Let f = 21 + 0. Suppose 6*z - 2*z + 920 = 4*v, -4*v + 3*z + 921 = 0. Calculate the highest common factor of f and v.
21
Let c be -5 + 3 - 3/(-1). Let v be (-11)/(-2) - (-3)/(-6). What is the greatest common divisor of c and v?
1
Let u = 86 - -49. Let z(j) = -j + 3. Let d be z(0). Suppose 213 = d*f - 5*p, -2*p = -3*f + 69 + u. What is the highest common divisor of 6 and f?
6
Let d be 1072/88 + (-4)/22. Calculate the greatest common divisor of d and 18.
6
Suppose 0*y - 2*y - 3*w = -11, 0 = -3*y + 4*w - 9. Let l be 15 + 1 + y + 1. Calculate the greatest common divisor of l and 36.
18
Suppose 3 - 4 = -i. Calculate the highest common divisor of 5 and i.
1
Let w be (-405)/(-54)*(166/10 - -1). What is the greatest common factor of w and 12?
12
Let t be 3/3 + 1 + 100. Suppose -t = -4*r + 3*z + 42, -2*z - 74 = -2*r. Let p = 40 - 18. Calculate the highest common divisor of p and r.
11
Suppose g = 5*g - 16. Suppose -g*i = 2*t + t - 173, -i - 4 = 0. Calculate the greatest common factor of t and 9.
9
Let l be ((-16)/(-3))/((-1)/(-6)). Let d be (-3)/(-12) + 110/8. Suppose -3*i + q = -i - d, -4*i = -q - 30. Calculate the highest common factor of l and i.
8
Suppose 0 = -2*p + 2*j + 10, 0*j = -2*j + 6. Suppose 40 = 5*d - 4*d. Calculate the greatest common divisor of d and p.
8
Let x be 74/(-14) + 6/21. Let y(g) = -2*g - 7. Let t be y(x). Calculate the highest common divisor of t and 12.
3
Suppose -5*b = -3 - 12. Let d be (-2)/(b + -2) + 22. What is the greatest common divisor of d and 5?
5
Let p = -117 + 247. Suppose -5*i - w = -64, 4*w = -4*i - w + 47. Calculate the highest common divisor of p and i.
13
Let u be (448/(-48))/((-4)/6). What is the highest common divisor of u and 154?
14
Suppose 2*t - 4 = 0, 5*z + 6*t - 10 = t. Suppose b - s + 2 = 12, z = 5*s + 5. Calculate the highest common factor of b and 99.
9
Let b be (0 + 1)*(122 + (-2)/1). Calculate the greatest common factor of b and 80.
40
Let q(t) = 5*t + 39. Let g(z) = 2*z + 19. Let o(n) = 13*g(n) - 6*q(n). Let b be o(-9). Suppose -29 + 1 = -4*s. Calculate the highest common divisor of b and s.
7
Let x = -12 + 7. Let r(z) = -z**2 - 6*z - 3. Let t be r(x). Suppose t*l - l = 9. What is the greatest common divisor of 9 and l?
9
Suppose -2*n + 0 + 8 = 4*q, -4*n = -3*q - 5. Calculate the highest common divisor of 20 and q.
1
Let i = -31 - -34. What is the highest common factor of i and 33?
3
Let g(m) = 4*m**2 - 4. Suppose -2*p = 4*k + 14, 5*p - 3*k + 4 = -5. Let f be g(p). What is the highest common divisor of f and 4?
4
Let l = 94 + -65. What is the highest common factor of 232 and l?
29
Suppose 2*k + 17 = 6*k - 3*u, 2*u + 16 = 5*k. Let y = -57 - -65. Calculate the greatest common divisor of y and k.
2
Let s be -1*(-6)/(-3) - -12. Suppose 2*h + 440 = 6*h. Calculate the greatest common factor of s and h.
10
Suppose -2*x - 56 = -650. What is the greatest common factor of 33 and x?
33
Let v = -4 - -8. Suppose -v*l + 32 = 4*y, -3*y + 40 = 2*y + 4*l. Let t be 1/(-4) - 161/(-4). Calculate the greatest common divisor of y and t.
8
Suppose 4*x = -0*x + 112. Let v(k) = -2*k**3 + k**2 - k + 2. Let h b